{"id":286,"date":"2019-10-24T00:18:13","date_gmt":"2019-10-23T22:18:13","guid":{"rendered":"http:\/\/jeunespages.org\/?page_id=286"},"modified":"2026-04-08T22:50:16","modified_gmt":"2026-04-08T20:50:16","slug":"tete-de-mathis","status":"publish","type":"page","link":"https:\/\/jeunespages.org\/index.php\/tete-de-mathis\/","title":{"rendered":"T\u00eate de Mathis"},"content":{"rendered":"\n<div class=\"wp-block-media-text alignwide is-stacked-on-mobile\"><figure class=\"wp-block-media-text__media\"><img loading=\"lazy\" decoding=\"async\" width=\"724\" height=\"1024\" src=\"https:\/\/jeunespages.org\/wp-content\/uploads\/2026\/04\/Tete-de-Mathis-n\u00b075-sommaire-envoi-724x1024.jpg\" alt=\"\" class=\"wp-image-4659 size-full\" srcset=\"https:\/\/jeunespages.org\/wp-content\/uploads\/2026\/04\/Tete-de-Mathis-n\u00b075-sommaire-envoi-724x1024.jpg 724w, https:\/\/jeunespages.org\/wp-content\/uploads\/2026\/04\/Tete-de-Mathis-n\u00b075-sommaire-envoi-212x300.jpg 212w, https:\/\/jeunespages.org\/wp-content\/uploads\/2026\/04\/Tete-de-Mathis-n\u00b075-sommaire-envoi-768x1086.jpg 768w, https:\/\/jeunespages.org\/wp-content\/uploads\/2026\/04\/Tete-de-Mathis-n\u00b075-sommaire-envoi.jpg 850w\" sizes=\"auto, (max-width: 724px) 100vw, 724px\" \/><\/figure><div class=\"wp-block-media-text__content\">\n<p class=\"has-text-align-center\"><strong>UN JOURNAL EN ELEMENTAIRE<\/strong><\/p>\n\n\n\n<p class=\"has-text-align-center\"><strong><a href=\"http:\/\/jeunespages.org\/wp-content\/uploads\/2023\/10\/Fiche-action-elementaires.pdf\" target=\"_blank\" rel=\"noreferrer noopener\">T\u00e9l\u00e9charger la fiche p\u00e9dagogique<\/a><\/strong><\/p>\n\n\n\n<p>Cr\u00e9\u00e9 en novembre 2019, <em>T\u00eate de Mathis<\/em> est un bi-mensuel r\u00e9alis\u00e9, en hors-temps scolaire, par les jeunes journalistes du CP au CM2 de l\u2019\u00e9cole Mathis \u00e0 Paris, dans le 19e.<\/p>\n\n\n\n<p>C\u2019est&nbsp;sur le tas&nbsp; et au fil des num\u00e9ros \u00e0 para\u00eetre qu\u2019ils en d\u00e9terminent la \u00ab&nbsp;ligne \u00e9ditoriale&nbsp;\u00bb.  <\/p>\n\n\n\n<p>Affich\u00e9 dans la cour pour les \u00e9l\u00e8ves et \u00e0 l\u2019entr\u00e9e de l\u2019\u00e9cole pour les parents, <em>T\u00eate de Mathis<\/em> s&rsquo;inscrit, avec <em><a href=\"https:\/\/jeunespages.org\/index.php\/141-journalistes\/\" data-type=\"link\" data-id=\"https:\/\/jeunespages.org\/index.php\/141-journalistes\/\" target=\"_blank\" rel=\"noreferrer noopener\">141 Jounalistes<\/a><\/em>, dans le \u00ab\u00a0r\u00e9seau\u00a0\u00bb de journaux d&rsquo;\u00e9l\u00e8ves initi\u00e9 par Jeunes Pages dans le 19\u00e8, afin de favoriser les \u00e9changes entre les \u00e9l\u00e8ves, les parents et les habitants du quartier. C\u2019est pourquoi il est aussi diffus\u00e9 \u00e0 l&rsquo;\u00e9cole voisine Ourcq B, ainsi que dans divers lieux associatifs et\/ou culturels du quartier.<\/p>\n\n\n\n<p>Depuis octobre 2021 est initi\u00e9e une correspondance entre le journal et un groupe de journalistes jeunes de l&rsquo;\u00e9cole Grand Yoff A \u00e0 Dakar.<\/p>\n\n\n\n<p>12 n\u00b0 sont \u00e0 para\u00eetre durant l&rsquo;ann\u00e9e scolaire 2025\/2026.<\/p>\n<\/div><\/div>\n\n\n\n<p>Si vous souhaitez recevoir le journal par mail ou avoir acc\u00e8s \u00e0 d&rsquo;anciens num\u00e9ros, n&rsquo;h\u00e9sitez pas \u00e0 nous contacter <a rel=\"noreferrer noopener\" href=\"https:\/\/jeunespages.org\/index.php\/poesie-a-couperin\/contact\/\" target=\"_blank\">ICI<\/a>.<\/p>\n","protected":false},"excerpt":{"rendered":"<p>UN JOURNAL EN ELEMENTAIRE T\u00e9l\u00e9charger la fiche p\u00e9dagogique Cr\u00e9\u00e9 en novembre 2019, T\u00eate de Mathis est un bi-mensuel r\u00e9alis\u00e9, en hors-temps scolaire, par les jeunes journalistes du CP au CM2 de l\u2019\u00e9cole Mathis \u00e0 Paris, dans le 19e. C\u2019est&nbsp;sur le tas&nbsp; et au fil des num\u00e9ros \u00e0 para\u00eetre qu\u2019ils en d\u00e9terminent la \u00ab&nbsp;ligne \u00e9ditoriale&nbsp;\u00bb. Affich\u00e9 &hellip; <\/p>\n<p class=\"link-more\"><a href=\"https:\/\/jeunespages.org\/index.php\/tete-de-mathis\/\" class=\"more-link\">Continuer la lecture<span class=\"screen-reader-text\"> de &laquo;&nbsp;T\u00eate de Mathis&nbsp;&raquo;<\/span><\/a><\/p>\n","protected":false},"author":1,"featured_media":0,"parent":0,"menu_order":0,"comment_status":"closed","ping_status":"closed","template":"","meta":{"ngg_post_thumbnail":0,"iawp_total_views":33,"footnotes":""},"class_list":["post-286","page","type-page","status-publish","hentry"],"_links":{"self":[{"href":"https:\/\/jeunespages.org\/index.php\/wp-json\/wp\/v2\/pages\/286","targetHints":{"allow":["GET"]}}],"collection":[{"href":"https:\/\/jeunespages.org\/index.php\/wp-json\/wp\/v2\/pages"}],"about":[{"href":"https:\/\/jeunespages.org\/index.php\/wp-json\/wp\/v2\/types\/page"}],"author":[{"embeddable":true,"href":"https:\/\/jeunespages.org\/index.php\/wp-json\/wp\/v2\/users\/1"}],"replies":[{"embeddable":true,"href":"https:\/\/jeunespages.org\/index.php\/wp-json\/wp\/v2\/comments?post=286"}],"version-history":[{"count":168,"href":"https:\/\/jeunespages.org\/index.php\/wp-json\/wp\/v2\/pages\/286\/revisions"}],"predecessor-version":[{"id":4660,"href":"https:\/\/jeunespages.org\/index.php\/wp-json\/wp\/v2\/pages\/286\/revisions\/4660"}],"wp:attachment":[{"href":"https:\/\/jeunespages.org\/index.php\/wp-json\/wp\/v2\/media?parent=286"}],"curies":[{"name":"wp","href":"https:\/\/api.w.org\/{rel}","templated":true}]}}