{"id":2775,"date":"2022-05-16T11:50:57","date_gmt":"2022-05-16T09:50:57","guid":{"rendered":"https:\/\/jeunespages.org\/?page_id=2775"},"modified":"2023-06-23T13:48:01","modified_gmt":"2023-06-23T11:48:01","slug":"roulade","status":"publish","type":"page","link":"https:\/\/jeunespages.org\/index.php\/roulade\/","title":{"rendered":"Roulade, un journal en maternelle"},"content":{"rendered":"\n<div class=\"wp-block-image\"><figure class=\"alignright size-large is-resized\"><img loading=\"lazy\" decoding=\"async\" src=\"https:\/\/jeunespages.org\/wp-content\/uploads\/2022\/06\/roulade4.sommaire_web-725x1024.jpg\" alt=\"\" class=\"wp-image-2934\" width=\"284\" height=\"401\" srcset=\"https:\/\/jeunespages.org\/wp-content\/uploads\/2022\/06\/roulade4.sommaire_web-725x1024.jpg 725w, https:\/\/jeunespages.org\/wp-content\/uploads\/2022\/06\/roulade4.sommaire_web-212x300.jpg 212w, https:\/\/jeunespages.org\/wp-content\/uploads\/2022\/06\/roulade4.sommaire_web-768x1085.jpg 768w, https:\/\/jeunespages.org\/wp-content\/uploads\/2022\/06\/roulade4.sommaire_web.jpg 850w\" sizes=\"auto, (max-width: 284px) 100vw, 284px\" \/><\/figure><\/div>\n\n\n\n<p>En 2022, Jeunes Page intervient \u00e0 l&rsquo;\u00e9cole maternelle 58 Archereau dans la classe rouge de Madame Boucharin pour y r\u00e9aliser quatre num\u00e9ros du journal <em>Roulade<\/em>.<\/p>\n\n\n\n<p>Sur la base de la th\u00e9matique de l&rsquo;\u00e9criture et des alphabets abord\u00e9e en classe avec leur enseignante, les \u00e9l\u00e8ves travaillent en atelier avec deux intervenant.e.s Jeunes Pages, \u00e0 partir d\u2019images de presse : qu\u2019est-ce qu\u2019ils y observent ? qu\u2019est-ce qu\u2019elles leur \u00ab disent \u00bb? De quelle fa\u00e7on ont-ils eux-m\u00eames envie d\u2019en rendre compte ?<\/p>\n\n\n\n<p class=\"has-text-align-right\">Partenariat Cit\u00e9 Educative Paris 19 Ouest<\/p>\n\n\n\n<p class=\"has-text-align-left\">Si vous souhaitez recevoir les n\u00b0 r\u00e9alis\u00e9s, contactez-nous <strong><a href=\"https:\/\/jeunespages.org\/index.php\/poesie-a-couperin\/contact\/\" target=\"_blank\" rel=\"noreferrer noopener\">ICI<\/a><\/strong><\/p>\n\n\n\n<p><\/p>\n","protected":false},"excerpt":{"rendered":"<p>En 2022, Jeunes Page intervient \u00e0 l&rsquo;\u00e9cole maternelle 58 Archereau dans la classe rouge de Madame Boucharin pour y r\u00e9aliser quatre num\u00e9ros du journal Roulade. Sur la base de la th\u00e9matique de l&rsquo;\u00e9criture et des alphabets abord\u00e9e en classe avec leur enseignante, les \u00e9l\u00e8ves travaillent en atelier avec deux intervenant.e.s Jeunes Pages, \u00e0 partir d\u2019images &hellip; <\/p>\n<p class=\"link-more\"><a href=\"https:\/\/jeunespages.org\/index.php\/roulade\/\" class=\"more-link\">Continuer la lecture<span class=\"screen-reader-text\"> de &laquo;&nbsp;Roulade, un journal en maternelle&nbsp;&raquo;<\/span><\/a><\/p>\n","protected":false},"author":1,"featured_media":0,"parent":0,"menu_order":0,"comment_status":"closed","ping_status":"closed","template":"","meta":{"ngg_post_thumbnail":0,"iawp_total_views":8,"footnotes":""},"class_list":["post-2775","page","type-page","status-publish","hentry"],"_links":{"self":[{"href":"https:\/\/jeunespages.org\/index.php\/wp-json\/wp\/v2\/pages\/2775","targetHints":{"allow":["GET"]}}],"collection":[{"href":"https:\/\/jeunespages.org\/index.php\/wp-json\/wp\/v2\/pages"}],"about":[{"href":"https:\/\/jeunespages.org\/index.php\/wp-json\/wp\/v2\/types\/page"}],"author":[{"embeddable":true,"href":"https:\/\/jeunespages.org\/index.php\/wp-json\/wp\/v2\/users\/1"}],"replies":[{"embeddable":true,"href":"https:\/\/jeunespages.org\/index.php\/wp-json\/wp\/v2\/comments?post=2775"}],"version-history":[{"count":25,"href":"https:\/\/jeunespages.org\/index.php\/wp-json\/wp\/v2\/pages\/2775\/revisions"}],"predecessor-version":[{"id":3499,"href":"https:\/\/jeunespages.org\/index.php\/wp-json\/wp\/v2\/pages\/2775\/revisions\/3499"}],"wp:attachment":[{"href":"https:\/\/jeunespages.org\/index.php\/wp-json\/wp\/v2\/media?parent=2775"}],"curies":[{"name":"wp","href":"https:\/\/api.w.org\/{rel}","templated":true}]}}