{"id":1381,"date":"2020-07-14T18:51:14","date_gmt":"2020-07-14T16:51:14","guid":{"rendered":"http:\/\/jeunespages.org\/?page_id=1381"},"modified":"2023-10-04T11:42:25","modified_gmt":"2023-10-04T09:42:25","slug":"la-gazette-de-beaujon","status":"publish","type":"page","link":"https:\/\/jeunespages.org\/index.php\/archives\/journaux\/la-gazette-de-beaujon\/","title":{"rendered":"Tanger Public ! \/ Place des Femmes \/ La Gazette de Beaujon, des journaux r\u00e9alis\u00e9s pendant les vacances scolaires"},"content":{"rendered":"\n<p><\/p>\n\n\n\n<h2 class=\"wp-block-heading\"><strong>TANGER PUBLIC !<\/strong><\/h2>\n\n\n\n<div class=\"wp-block-media-text alignwide is-stacked-on-mobile\"><figure class=\"wp-block-media-text__media\"><img loading=\"lazy\" decoding=\"async\" width=\"724\" height=\"1024\" src=\"http:\/\/jeunespages.org\/wp-content\/uploads\/2023\/07\/couv-724x1024.png\" alt=\"\" class=\"wp-image-3525 size-full\" srcset=\"https:\/\/jeunespages.org\/wp-content\/uploads\/2023\/07\/couv-724x1024.png 724w, https:\/\/jeunespages.org\/wp-content\/uploads\/2023\/07\/couv-212x300.png 212w, https:\/\/jeunespages.org\/wp-content\/uploads\/2023\/07\/couv-768x1086.png 768w, https:\/\/jeunespages.org\/wp-content\/uploads\/2023\/07\/couv.png 850w\" sizes=\"auto, (max-width: 724px) 100vw, 724px\" \/><\/figure><div class=\"wp-block-media-text__content\">\n<p class=\"has-large-font-size\"> <\/p>\n\n\n\n<p>Journal de quartier, r\u00e9alis\u00e9 durant chaque p\u00e9riode de vacances scolaires lors de stages gratuits de trois demi-journ\u00e9es propos\u00e9s \u00e0 des jeunes de 11 \u00e0 18 ans, <em>Tanger Public !<\/em> a publi\u00e9 9 num\u00e9ros entre juillet 2021 et juillet 2023.<\/p>\n\n\n\n<p class=\"has-text-align-center\"><strong>LIRE TOUS LES NUMEROS<\/strong><\/p>\n\n\n\n<p><a rel=\"noreferrer noopener\" href=\"http:\/\/jeunespages.org\/wp-content\/uploads\/2021\/08\/Tanger-n%C2%B01-web.pdf\" target=\"_blank\">n\u00b01<\/a>, <a rel=\"noreferrer noopener\" href=\"http:\/\/jeunespages.org\/wp-content\/uploads\/2021\/08\/Tanger-%C2%B02-web.pdf\" target=\"_blank\">n\u00b02<\/a>, <a rel=\"noreferrer noopener\" href=\"http:\/\/jeunespages.org\/wp-content\/uploads\/2021\/11\/Tanger-n%C2%B03-web.pdf\" target=\"_blank\">n\u00b03<\/a>, <a rel=\"noreferrer noopener\" href=\"http:\/\/jeunespages.org\/wp-content\/uploads\/2022\/03\/Tanger-n%C2%B04_ok2.pdf\" target=\"_blank\">n\u00b04<\/a>, <a rel=\"noreferrer noopener\" href=\"http:\/\/jeunespages.org\/wp-content\/uploads\/2022\/05\/Tanger-n%C2%B05.2.pdf\" target=\"_blank\">n\u00b05<\/a>, <a rel=\"noreferrer noopener\" href=\"http:\/\/jeunespages.org\/wp-content\/uploads\/2022\/08\/Tanger-n%C2%B06-site-ok.pdf\" target=\"_blank\">n\u00b06<\/a>, <a rel=\"noreferrer noopener\" href=\"http:\/\/jeunespages.org\/wp-content\/uploads\/2022\/11\/Tanger-n%C2%B07-web.pdf\" target=\"_blank\">n\u00b07<\/a>, <a rel=\"noreferrer noopener\" href=\"http:\/\/jeunespages.org\/wp-content\/uploads\/2023\/05\/Tanger-n%C2%B08-site.pdf\" target=\"_blank\">n\u00b08<\/a>, <a href=\"http:\/\/jeunespages.org\/wp-content\/uploads\/2023\/07\/Tanger-n%C2%B09_merged.pdf\" target=\"_blank\" rel=\"noreferrer noopener\">n\u00b09<\/a><\/p>\n\n\n\n<p>Partenaires : Centre social Tanger \/Espace 19 Tanger, CGET\/Minist\u00e8re charg\u00e9 de la Ville, CAF<\/p>\n<\/div><\/div>\n\n\n\n<h2 class=\"wp-block-heading\"><strong>PLACE DES FILLES<\/strong><\/h2>\n\n\n\n<figure class=\"wp-block-image\"><img loading=\"lazy\" decoding=\"async\" width=\"1024\" height=\"724\" src=\"https:\/\/jeunespages.org\/wp-content\/uploads\/2022\/05\/Place-des-filles.1_page-0001-1024x724.jpg\" alt=\"\" class=\"wp-image-2718\" srcset=\"https:\/\/jeunespages.org\/wp-content\/uploads\/2022\/05\/Place-des-filles.1_page-0001-1024x724.jpg 1024w, https:\/\/jeunespages.org\/wp-content\/uploads\/2022\/05\/Place-des-filles.1_page-0001-300x212.jpg 300w, https:\/\/jeunespages.org\/wp-content\/uploads\/2022\/05\/Place-des-filles.1_page-0001-768x543.jpg 768w, https:\/\/jeunespages.org\/wp-content\/uploads\/2022\/05\/Place-des-filles.1_page-0001-1536x1086.jpg 1536w, https:\/\/jeunespages.org\/wp-content\/uploads\/2022\/05\/Place-des-filles.1_page-0001-2048x1448.jpg 2048w\" sizes=\"auto, (max-width: 767px) 89vw, (max-width: 1000px) 54vw, (max-width: 1071px) 543px, 580px\" \/><\/figure>\n\n\n\n<p>Pr\u00e9figurant le festival Place des Femmes organis\u00e9 par le Centre Paris Anim\u2019 Place des F\u00eates en juillet 2022,\u00a0<em>Place des Filles<\/em>\u00a0a \u00e9t\u00e9 r\u00e9alis\u00e9 en avril par sept jeunes de 11 \u00e0 18 ans fr\u00e9quentant le Centre. Ils y interrogent les notions de \u00ab\u00a0sororit\u00e9\u00a0\u00bb et de \u00ab\u00a0mixit\u00e9\u00a0\u00bb, se penchent sur les repr\u00e9sentations des femmes qui leur sont propos\u00e9es, esquissent des propositions pour combattre pr\u00e9jug\u00e9s et discriminations.<\/p>\n\n\n\n<p class=\"has-text-align-center\"><strong><a href=\"http:\/\/jeunespages.org\/wp-content\/uploads\/2023\/10\/Place-des-fetes-affichage..pdf\" target=\"_blank\" rel=\"noreferrer noopener\">LIRE LE JOURNAL<\/a><\/strong><\/p>\n\n\n\n<p>Partenariat Jeunes Pages \/ Centre Paris Anim\u2019 Place des F\u00eates<\/p>\n\n\n\n<h2 class=\"wp-block-heading\"><strong>LA GAZETTE DE BEAUJON<\/strong><\/h2>\n\n\n\n<div class=\"wp-block-image\"><figure class=\"alignright size-large is-resized\"><img loading=\"lazy\" decoding=\"async\" src=\"http:\/\/jeunespages.org\/wp-content\/uploads\/2021\/10\/couv-com-724x1024.jpg\" alt=\"\" class=\"wp-image-2310\" width=\"323\" height=\"455\" srcset=\"https:\/\/jeunespages.org\/wp-content\/uploads\/2021\/10\/couv-com-212x300.jpg 212w, https:\/\/jeunespages.org\/wp-content\/uploads\/2021\/10\/couv-com-850x1200.jpg 850w\" sizes=\"auto, (max-width: 323px) 100vw, 323px\" \/><\/figure><\/div>\n\n\n\n<p>De juillet 2020 \u00e0 octobre 2021, Jeunes Pages intervient \u00e0 l&rsquo;espace Beaujon (Centre Paris Anim&rsquo; 8\u00e8), pour y animer pendant les vacances scolaires des \u00ab\u00a0stages d&rsquo;\u00e9criture\u00a0\u00bb s&rsquo;adressant aux adolescents de 10 \u00e0 14 ans.<\/p>\n\n\n\n<p>Chacun de ces stages aboutit \u00e0 la r\u00e9daction d&rsquo;un num\u00e9ro de <em>La Gazette de Beaujon.<\/em><\/p>\n\n\n\n<p>Le journal est distribu\u00e9 \u00e0 l&rsquo;accueil de l&rsquo;Espace Beaujon.<\/p>\n\n\n\n<p class=\"has-text-align-center\"><strong>LIRE LES NUM\u00c9ROS<\/strong><\/p>\n\n\n\n<p> <a rel=\"noreferrer noopener\" href=\"http:\/\/jeunespages.org\/wp-content\/uploads\/2022\/05\/GdB-n\u00b01-corrige.pdf\" target=\"_blank\">n\u00b01<\/a>, <a rel=\"noreferrer noopener\" href=\"http:\/\/jeunespages.org\/wp-content\/uploads\/2020\/11\/La-gazette-de-beaujon.pdf\" target=\"_blank\">n\u00b02<\/a>, <a rel=\"noreferrer noopener\" href=\"http:\/\/jeunespages.org\/wp-content\/uploads\/2021\/10\/La-gazette-de-beaujon-n\u00b04-web.pdf\" target=\"_blank\">n\u00b04<\/a><\/p>\n\n\n\n<p class=\"has-text-align-right\">Partenariat : Espace Beaujon, CAF<\/p>\n","protected":false},"excerpt":{"rendered":"<p>TANGER PUBLIC ! Journal de quartier, r\u00e9alis\u00e9 durant chaque p\u00e9riode de vacances scolaires lors de stages gratuits de trois demi-journ\u00e9es propos\u00e9s \u00e0 des jeunes de 11 \u00e0 18 ans, Tanger Public ! a publi\u00e9 9 num\u00e9ros entre juillet 2021 et juillet 2023. LIRE TOUS LES NUMEROS n\u00b01, n\u00b02, n\u00b03, n\u00b04, n\u00b05, n\u00b06, n\u00b07, n\u00b08, n\u00b09 &hellip; <\/p>\n<p class=\"link-more\"><a href=\"https:\/\/jeunespages.org\/index.php\/archives\/journaux\/la-gazette-de-beaujon\/\" class=\"more-link\">Continuer la lecture<span class=\"screen-reader-text\"> de &laquo;&nbsp;Tanger Public ! \/ Place des Femmes \/ La Gazette de Beaujon, des journaux r\u00e9alis\u00e9s pendant les vacances scolaires&nbsp;&raquo;<\/span><\/a><\/p>\n","protected":false},"author":1,"featured_media":0,"parent":1491,"menu_order":0,"comment_status":"closed","ping_status":"closed","template":"","meta":{"ngg_post_thumbnail":0,"iawp_total_views":11,"footnotes":""},"class_list":["post-1381","page","type-page","status-publish","hentry"],"_links":{"self":[{"href":"https:\/\/jeunespages.org\/index.php\/wp-json\/wp\/v2\/pages\/1381","targetHints":{"allow":["GET"]}}],"collection":[{"href":"https:\/\/jeunespages.org\/index.php\/wp-json\/wp\/v2\/pages"}],"about":[{"href":"https:\/\/jeunespages.org\/index.php\/wp-json\/wp\/v2\/types\/page"}],"author":[{"embeddable":true,"href":"https:\/\/jeunespages.org\/index.php\/wp-json\/wp\/v2\/users\/1"}],"replies":[{"embeddable":true,"href":"https:\/\/jeunespages.org\/index.php\/wp-json\/wp\/v2\/comments?post=1381"}],"version-history":[{"count":24,"href":"https:\/\/jeunespages.org\/index.php\/wp-json\/wp\/v2\/pages\/1381\/revisions"}],"predecessor-version":[{"id":3558,"href":"https:\/\/jeunespages.org\/index.php\/wp-json\/wp\/v2\/pages\/1381\/revisions\/3558"}],"up":[{"embeddable":true,"href":"https:\/\/jeunespages.org\/index.php\/wp-json\/wp\/v2\/pages\/1491"}],"wp:attachment":[{"href":"https:\/\/jeunespages.org\/index.php\/wp-json\/wp\/v2\/media?parent=1381"}],"curies":[{"name":"wp","href":"https:\/\/api.w.org\/{rel}","templated":true}]}}